217.
19, 8568643
List the prime factors of 1292007893.
11, 97, 1210879
What are the prime factors of 77468110?
2, 5, 7746811
List the prime factors of 1168962394.
2, 584481197
List the prime factors of 6942924048.
2, 3, 2551, 56701
List the prime factors of 521545800.
2, 3, 5, 239, 3637
List the prime factors of 231913137.
3, 263, 401, 733
What are the prime factors of 3343247928?
2, 3, 419, 110821
What are the prime factors of 526358759?
526358759
List the prime factors of 56935362.
2, 3, 11, 19, 45403
What are the prime factors of 1646453003?
13, 53, 389, 6143
What are the prime factors of 101386537?
7, 2069113
List the prime factors of 184144974.
2, 3, 13, 2360833
What are the prime factors of 288829709?
7, 41261387
What are the prime factors of 44123180?
2, 5, 379, 5821
List the prime factors of 841560907.
11, 76505537
What are the prime factors of 6496870391?
11, 2311, 255571
List the prime factors of 4078429947.
3, 271, 185797
List the prime factors of 1131746347.
19597, 57751
What are the prime factors of 2931014926?
2, 7, 211, 992219
What are the prime factors of 57220852?
2, 13, 1049
List the prime factors of 468785146.
2, 234392573
What are the prime factors of 505893365?
5, 101178673
List the prime factors of 175831432.
2, 7, 3139847
What are the prime factors of 326359398?
2, 3, 7213, 7541
What are the prime factors of 4047558500?
2, 5, 491, 16487
What are the prime factors of 4190891026?
2, 7, 43, 6961613
What are the prime factors of 569239810?
2, 5, 19, 2995999
List the prime factors of 3309448759.
3309448759
What are the prime factors of 1121664556?
2, 17, 16495067
What are the prime factors of 215246792?
2, 17, 1582697
List the prime factors of 2851632740.
2, 5, 11, 12961967
What are the prime factors of 3017037846?
2, 3, 502839641
What are the prime factors of 56028801?
3, 18676267
What are the prime factors of 2511101479?
2511101479
List the prime factors of 4394955018.
2, 3, 19, 79, 488003
List the prime factors of 659774625.
3, 5, 1759399
List the prime factors of 3784625987.
5167, 732461
What are the prime factors of 9221648?
2, 227, 2539
List the prime factors of 4759825781.
23, 206948947
What are the prime factors of 22843535?
5, 11, 13, 43, 743
List the prime factors of 2510703207.
3, 23, 71, 139, 1229
List the prime factors of 43690571.
457, 95603
List the prime factors of 38862758.
2, 11, 83, 21283
What are the prime factors of 221055447?
3, 71, 1037819
What are the prime factors of 14573314?
2, 7, 1040951
List the prime factors of 31185465.
3, 5, 53, 39227
What are the prime factors of 25085335?
5, 11, 61, 7477
What are the prime factors of 132953918?
2, 66476959
What are the prime factors of 80938372?
2, 311, 65063
List the prime factors of 535968837.
3, 7109, 8377
List the prime factors of 63282960.
2, 3, 5, 13, 6761
What are the prime factors of 804026113?
11, 41, 97, 18379
List the prime factors of 62831227.
3217, 19531
What are the prime factors of 560017732?
2, 140004433
What are the prime factors of 38638737?
3, 1933, 2221
What are the prime factors of 253549932?
2, 3, 21129161
List the prime factors of 972312350.
2, 5, 23, 845489
List the prime factors of 2494699086.
2, 3, 11, 151, 193, 1297
What are the prime factors of 121184856?
2, 3, 13, 103, 419
What are the prime factors of 1739297995?
5, 2473, 140663
What are the prime factors of 157888079?
2789, 56611
List the prime factors of 625514357.
13, 1223, 39343
List the prime factors of 1286209649.
101, 12734749
What are the prime factors of 257375732?
2, 64343933
List the prime factors of 1713130292.
2, 83, 1049, 4919
List the prime factors of 1599368845.
5, 37, 8645237
List the prime factors of 160278327.
3, 11, 1618973
What are the prime factors of 282769035?
3, 5, 18851269
What are the prime factors of 9009151046?
2, 7, 53, 12141713
List the prime factors of 1700966072.
2, 13, 37, 919
What are the prime factors of 52999295?
5, 223, 47533
What are the prime factors of 1845641604?
2, 3, 153803467
List the prime factors of 111274581.
3, 11, 79, 42683
What are the prime factors of 106732151?
29, 179, 709
What are the prime factors of 4525459923?
3, 617, 2444873
What are the prime factors of 26207098?
2, 17, 45341
List the prime factors of 1634637702.
2, 3, 272439617
List the prime factors of 2540495835.
3, 5, 56455463
What are the prime factors of 258611659?
4721, 54779
What are the prime factors of 1065075129?
3, 139, 283793
What are the prime factors of 76249368?
2, 3, 13, 81463
List the prime factors of 176362015.
5, 853, 41351
What are the prime factors of 62650747?
41, 107, 14281
What are the prime factors of 46264732?
2, 43, 47, 59, 97
List the prime factors of 225425726.
2, 181, 622723
What are the prime factors of 2932726121?
13, 17353409
List the prime factors of 198140166.
2, 3, 7, 89, 17669
List the prime factors of 14266673.
3331, 4283
List the prime factors of 33734201.
313, 107777
List the prime factors of 136124326.
2, 13, 43, 313, 389
What are the prime factors of 451389791?
31, 43, 97, 3491
List the prime factors of 920905657.
7, 17, 653, 1693
What are the prime factors of 1228749306?
2, 3, 2689, 76159
List the prime factors of 279655394.
2, 131, 1067387
List the prime factors of 2179565410.
2, 5, 11, 17, 199, 5857
List the prime factors of 1070073352.
2, 133759169
List the prime factors of 552346012.
2, 23, 6003761
What are the prime factors of 325794?
2, 3, 7, 7757
List the prime factors of 1603394198.
2, 7, 617, 185621
What are the prime factors of 841176618?
2, 3, 71, 317, 6229
What are the prime factors of 164977612?
2, 41244403
What are the prime factors of 1376903063?
1376903063
What are the prime factors of 44048585?
5, 7, 1258531
What are the prime factors of 7230386399?
17, 425316847
List the prime factors of 89214810.
2, 3, 5, 17, 174931
List the prime factors of 6041449003.
6041449003
List the prime factors of 920544957.
3, 739, 138407
What are the prime factors of 959779285?
5, 17, 11291521
List the prime factors of 2005154734.
2, 11, 1237, 73681
What are the prime factors of 461361284?
2, 115340321
What are the prime factors of 45977683?
71, 127, 5099
List the prime factors of 4399748838.
2, 3, 244430491
List the prime factors of 27326611.
13, 587, 3581
List the prime factors of 2581468150.
2, 5, 61, 846383
List the prime factors of 621455536.
2, 13, 17, 181, 971
What are the prime factors of 41258307?
3, 211, 65179
List the prime factors of 36679679.
419, 87541
List the prime factors of 80998850.
2, 5, 61, 26557
What are the prime factors of 79145097?
3, 103, 256133
List the prime factors of 13557688.
2, 37, 163, 281
List the prime factors of 2539848985.
5, 507969797
What are the prime factors of 36390620?
2, 5, 7, 259933
What are the prime factors of 3581943879?
3, 2267, 526679
List the prime factors of 17759933.
23, 313, 2467
List the prime factors of 26504705.
5, 137, 38693
List the prime factors of 73582227.
3, 8175803
List the prime factors of 24034882.
2, 233, 51577
List the prime factors of 49422276.
2, 3, 97, 14153
What are the prime factors of 287411413?
457, 628909
What are the prime factors of 484590613?
13, 37276201
What are the prime factors of 122622838?
2, 13, 4716263
List the prime factors of 33478724.
2, 59, 127, 1117
List the prime factors of 16323564.
2, 3, 127, 10711
List the prime factors of 342898430.
2, 5, 7, 4898549
What are the prime factors of 504279564?
2, 3, 647, 64951
List the prime factors of 403644347.
403644347
List the prime factors of 1142547372.
2, 3, 127, 269, 929
What are the prime factors of 585343051?
19, 113, 337, 809
List the prime factors of 531377188.
2, 23, 5775839
List the prime factors of 84654905.
5, 331, 51151
List the prime factors of 65672768.
2, 7, 17, 8623
What are the prime factors of 2627659192?
2, 37, 8877227
List the prime factors of 363873782.
2, 2699, 67409
What are the prime factors of 551997935?
5, 31, 443, 8039
What are the prime factors of 14914845?
3, 5, 11, 29, 1039
List the prime factors of 523124766.
2, 3, 29062487
List the prime factors of 465356503.
179, 743, 3499
What are the prime factors of 19599944?
2, 7, 13, 19, 109
What are the prime factors of 142644192?
2, 3, 1485877
What are the prime factors of 236786?
2, 11, 47, 229
List the prime factors of 12